{"id":924,"date":"2020-09-23T12:18:45","date_gmt":"2020-09-23T10:18:45","guid":{"rendered":"http:\/\/157.230.24.196\/?post_type=product&#038;p=924"},"modified":"2024-07-02T17:16:54","modified_gmt":"2024-07-02T15:16:54","slug":"seville-soelv-forgyldte-oerestikker-med-ferskvands-perler-og-zirkonia-11329-vejl-udsalgspris-495-laengde-38-cm","status":"publish","type":"product","link":"http:\/\/jewelz.dk\/?product=seville-soelv-forgyldte-oerestikker-med-ferskvands-perler-og-zirkonia-11329-vejl-udsalgspris-495-laengde-38-cm","title":{"rendered":"Seville s\u00f8lv forgyldte \u00f8restikker med ferskvands perler og zirkonia 11329 Vejl. udsalgspris: 495.- L\u00e6ngde 3,8 cm"},"content":{"rendered":"<p>Seville s\u00f8lv forgyldte \u00f8restikker med ferskvands perler og zirkonia<\/p>\n<p>L\u00e6ngde 3,8 cm<\/p>\n","protected":false},"excerpt":{"rendered":"<p>Seville s\u00f8lv forgyldte \u00f8restikker med ferskvands perler og zirkonia L\u00e6ngde 3,8 cm<\/p>\n","protected":false},"featured_media":889,"comment_status":"open","ping_status":"closed","template":"","meta":[],"_links":{"self":[{"href":"http:\/\/jewelz.dk\/index.php?rest_route=\/wp\/v2\/product\/924"}],"collection":[{"href":"http:\/\/jewelz.dk\/index.php?rest_route=\/wp\/v2\/product"}],"about":[{"href":"http:\/\/jewelz.dk\/index.php?rest_route=\/wp\/v2\/types\/product"}],"replies":[{"embeddable":true,"href":"http:\/\/jewelz.dk\/index.php?rest_route=%2Fwp%2Fv2%2Fcomments&post=924"}],"wp:featuredmedia":[{"embeddable":true,"href":"http:\/\/jewelz.dk\/index.php?rest_route=\/wp\/v2\/media\/889"}],"wp:attachment":[{"href":"http:\/\/jewelz.dk\/index.php?rest_route=%2Fwp%2Fv2%2Fmedia&parent=924"}],"curies":[{"name":"wp","href":"https:\/\/api.w.org\/{rel}","templated":true}]}}