{"id":913,"date":"2020-09-23T11:22:58","date_gmt":"2020-09-23T09:22:58","guid":{"rendered":"http:\/\/157.230.24.196\/?post_type=product&#038;p=913"},"modified":"2020-09-23T11:22:58","modified_gmt":"2020-09-23T09:22:58","slug":"seville-soelv-oerestik","status":"publish","type":"product","link":"http:\/\/jewelz.dk\/?product=seville-soelv-oerestik","title":{"rendered":"Seville s\u00f8lv \u00f8restik"},"content":{"rendered":"<p>Seville s\u00f8lv \u00f8restik<\/p>\n<p>8mm &#8211; Vejl.<\/p>\n","protected":false},"excerpt":{"rendered":"<p>Seville s\u00f8lv \u00f8restik 8mm &#8211; Vejl.<\/p>\n","protected":false},"featured_media":898,"comment_status":"open","ping_status":"closed","template":"","meta":[],"_links":{"self":[{"href":"http:\/\/jewelz.dk\/index.php?rest_route=\/wp\/v2\/product\/913"}],"collection":[{"href":"http:\/\/jewelz.dk\/index.php?rest_route=\/wp\/v2\/product"}],"about":[{"href":"http:\/\/jewelz.dk\/index.php?rest_route=\/wp\/v2\/types\/product"}],"replies":[{"embeddable":true,"href":"http:\/\/jewelz.dk\/index.php?rest_route=%2Fwp%2Fv2%2Fcomments&post=913"}],"wp:featuredmedia":[{"embeddable":true,"href":"http:\/\/jewelz.dk\/index.php?rest_route=\/wp\/v2\/media\/898"}],"wp:attachment":[{"href":"http:\/\/jewelz.dk\/index.php?rest_route=%2Fwp%2Fv2%2Fmedia&parent=913"}],"curies":[{"name":"wp","href":"https:\/\/api.w.org\/{rel}","templated":true}]}}