{"id":790,"date":"2020-09-13T10:21:28","date_gmt":"2020-09-13T08:21:28","guid":{"rendered":"http:\/\/157.230.24.196\/?post_type=product&#038;p=790"},"modified":"2020-09-13T10:21:29","modified_gmt":"2020-09-13T08:21:29","slug":"guld-oerestik-livets-trae-med-zirkonia-8kt","status":"publish","type":"product","link":"http:\/\/jewelz.dk\/?product=guld-oerestik-livets-trae-med-zirkonia-8kt","title":{"rendered":"Guld \u00f8restik livets tr\u00e6 med zirkonia 8kt."},"content":{"rendered":"<p>Guld \u00f8restikker, livets tr\u00e6 med zirkonia<\/p>\n","protected":false},"excerpt":{"rendered":"<p>Guld \u00f8restikker, livets tr\u00e6 med zirkonia<\/p>\n","protected":false},"featured_media":731,"comment_status":"open","ping_status":"closed","template":"","meta":[],"_links":{"self":[{"href":"http:\/\/jewelz.dk\/index.php?rest_route=\/wp\/v2\/product\/790"}],"collection":[{"href":"http:\/\/jewelz.dk\/index.php?rest_route=\/wp\/v2\/product"}],"about":[{"href":"http:\/\/jewelz.dk\/index.php?rest_route=\/wp\/v2\/types\/product"}],"replies":[{"embeddable":true,"href":"http:\/\/jewelz.dk\/index.php?rest_route=%2Fwp%2Fv2%2Fcomments&post=790"}],"wp:featuredmedia":[{"embeddable":true,"href":"http:\/\/jewelz.dk\/index.php?rest_route=\/wp\/v2\/media\/731"}],"wp:attachment":[{"href":"http:\/\/jewelz.dk\/index.php?rest_route=%2Fwp%2Fv2%2Fmedia&parent=790"}],"curies":[{"name":"wp","href":"https:\/\/api.w.org\/{rel}","templated":true}]}}