{"id":3067,"date":"2020-11-19T13:20:26","date_gmt":"2020-11-19T11:20:26","guid":{"rendered":"http:\/\/157.230.24.196\/?post_type=product&#038;p=3067"},"modified":"2020-11-19T13:20:32","modified_gmt":"2020-11-19T11:20:32","slug":"a4006-14-kt","status":"publish","type":"product","link":"http:\/\/jewelz.dk\/?product=a4006-14-kt","title":{"rendered":"A4006 &#8211; 14 kt."},"content":{"rendered":"<p><span style=\"color: #008000;\">Gratis Gravering<\/span><\/p>\n<p><span style=\"color: #000000;\">\u00d8nskes gravering s\u00e5 skriv den \u00f8nskede gravering i kommentar feltet ved check out.<\/span><\/p>\n","protected":false},"excerpt":{"rendered":"<p>14 kt. guldringe i 5 mm med blank overflade. Dame ringen er prydet med 9 x 0,01 ct. brillanter.<\/p>\n","protected":false},"featured_media":3065,"comment_status":"open","ping_status":"closed","template":"","meta":[],"_links":{"self":[{"href":"http:\/\/jewelz.dk\/index.php?rest_route=\/wp\/v2\/product\/3067"}],"collection":[{"href":"http:\/\/jewelz.dk\/index.php?rest_route=\/wp\/v2\/product"}],"about":[{"href":"http:\/\/jewelz.dk\/index.php?rest_route=\/wp\/v2\/types\/product"}],"replies":[{"embeddable":true,"href":"http:\/\/jewelz.dk\/index.php?rest_route=%2Fwp%2Fv2%2Fcomments&post=3067"}],"wp:featuredmedia":[{"embeddable":true,"href":"http:\/\/jewelz.dk\/index.php?rest_route=\/wp\/v2\/media\/3065"}],"wp:attachment":[{"href":"http:\/\/jewelz.dk\/index.php?rest_route=%2Fwp%2Fv2%2Fmedia&parent=3067"}],"curies":[{"name":"wp","href":"https:\/\/api.w.org\/{rel}","templated":true}]}}