{"id":2795,"date":"2020-10-10T16:02:39","date_gmt":"2020-10-10T14:02:39","guid":{"rendered":"http:\/\/157.230.24.196\/?post_type=product&#038;p=2795"},"modified":"2020-10-10T16:03:21","modified_gmt":"2020-10-10T14:03:21","slug":"oereringe-i-soelv","status":"publish","type":"product","link":"http:\/\/jewelz.dk\/?product=oereringe-i-soelv","title":{"rendered":"\u00d8reringe i s\u00f8lv"},"content":{"rendered":"<div class=\"product-name\">\n<h1>\u00d8reringe i s\u00f8lv H\u00f8jde ca 2 cm<\/h1>\n<p>H\u00f8jde ca 2 cm<\/p>\n<\/div>\n","protected":false},"excerpt":{"rendered":"<p>\u00d8reringe i s\u00f8lv H\u00f8jde ca 2 cm H\u00f8jde ca 2 cm<\/p>\n","protected":false},"featured_media":2744,"comment_status":"open","ping_status":"closed","template":"","meta":[],"_links":{"self":[{"href":"http:\/\/jewelz.dk\/index.php?rest_route=\/wp\/v2\/product\/2795"}],"collection":[{"href":"http:\/\/jewelz.dk\/index.php?rest_route=\/wp\/v2\/product"}],"about":[{"href":"http:\/\/jewelz.dk\/index.php?rest_route=\/wp\/v2\/types\/product"}],"replies":[{"embeddable":true,"href":"http:\/\/jewelz.dk\/index.php?rest_route=%2Fwp%2Fv2%2Fcomments&post=2795"}],"wp:featuredmedia":[{"embeddable":true,"href":"http:\/\/jewelz.dk\/index.php?rest_route=\/wp\/v2\/media\/2744"}],"wp:attachment":[{"href":"http:\/\/jewelz.dk\/index.php?rest_route=%2Fwp%2Fv2%2Fmedia&parent=2795"}],"curies":[{"name":"wp","href":"https:\/\/api.w.org\/{rel}","templated":true}]}}