{"id":2610,"date":"2020-10-09T22:47:39","date_gmt":"2020-10-09T20:47:39","guid":{"rendered":"http:\/\/157.230.24.196\/?post_type=product&#038;p=2610"},"modified":"2020-10-09T22:48:12","modified_gmt":"2020-10-09T20:48:12","slug":"soelv-boerne-oerehaengere-hjerte-med-zirkonia-2","status":"publish","type":"product","link":"http:\/\/jewelz.dk\/?product=soelv-boerne-oerehaengere-hjerte-med-zirkonia-2","title":{"rendered":"S\u00f8lv b\u00f8rne \u00f8reh\u00e6ngere hjerte med zirkonia"},"content":{"rendered":"<div class=\"product-name\">\n<h1>S\u00f8lv b\u00f8rne \u00f8reh\u00e6ngere hjerte med zirkonia<\/h1>\n<\/div>\n","protected":false},"excerpt":{"rendered":"<p>S\u00f8lv b\u00f8rne \u00f8reh\u00e6ngere hjerte med zirkonia<\/p>\n","protected":false},"featured_media":2573,"comment_status":"open","ping_status":"closed","template":"","meta":[],"_links":{"self":[{"href":"http:\/\/jewelz.dk\/index.php?rest_route=\/wp\/v2\/product\/2610"}],"collection":[{"href":"http:\/\/jewelz.dk\/index.php?rest_route=\/wp\/v2\/product"}],"about":[{"href":"http:\/\/jewelz.dk\/index.php?rest_route=\/wp\/v2\/types\/product"}],"replies":[{"embeddable":true,"href":"http:\/\/jewelz.dk\/index.php?rest_route=%2Fwp%2Fv2%2Fcomments&post=2610"}],"wp:featuredmedia":[{"embeddable":true,"href":"http:\/\/jewelz.dk\/index.php?rest_route=\/wp\/v2\/media\/2573"}],"wp:attachment":[{"href":"http:\/\/jewelz.dk\/index.php?rest_route=%2Fwp%2Fv2%2Fmedia&parent=2610"}],"curies":[{"name":"wp","href":"https:\/\/api.w.org\/{rel}","templated":true}]}}