{"id":2609,"date":"2020-10-09T22:45:29","date_gmt":"2020-10-09T20:45:29","guid":{"rendered":"http:\/\/157.230.24.196\/?post_type=product&#038;p=2609"},"modified":"2020-10-09T22:45:30","modified_gmt":"2020-10-09T20:45:30","slug":"soelv-boerne-oerehaengere-hjerte-med-zirkonia","status":"publish","type":"product","link":"http:\/\/jewelz.dk\/?product=soelv-boerne-oerehaengere-hjerte-med-zirkonia","title":{"rendered":"S\u00f8lv b\u00f8rne \u00f8reh\u00e6ngere hjerte med zirkonia"},"content":{"rendered":"<div class=\"product-name\">\n<h1>S\u00f8lv b\u00f8rne \u00f8reh\u00e6ngere hjerte med zirkonia<\/h1>\n<\/div>\n","protected":false},"excerpt":{"rendered":"<p>S\u00f8lv b\u00f8rne \u00f8reh\u00e6ngere hjerte med zirkonia<\/p>\n","protected":false},"featured_media":2572,"comment_status":"open","ping_status":"closed","template":"","meta":[],"_links":{"self":[{"href":"http:\/\/jewelz.dk\/index.php?rest_route=\/wp\/v2\/product\/2609"}],"collection":[{"href":"http:\/\/jewelz.dk\/index.php?rest_route=\/wp\/v2\/product"}],"about":[{"href":"http:\/\/jewelz.dk\/index.php?rest_route=\/wp\/v2\/types\/product"}],"replies":[{"embeddable":true,"href":"http:\/\/jewelz.dk\/index.php?rest_route=%2Fwp%2Fv2%2Fcomments&post=2609"}],"wp:featuredmedia":[{"embeddable":true,"href":"http:\/\/jewelz.dk\/index.php?rest_route=\/wp\/v2\/media\/2572"}],"wp:attachment":[{"href":"http:\/\/jewelz.dk\/index.php?rest_route=%2Fwp%2Fv2%2Fmedia&parent=2609"}],"curies":[{"name":"wp","href":"https:\/\/api.w.org\/{rel}","templated":true}]}}