{"id":2533,"date":"2020-10-09T21:04:35","date_gmt":"2020-10-09T19:04:35","guid":{"rendered":"http:\/\/157.230.24.196\/?post_type=product&#038;p=2533"},"modified":"2020-10-09T21:04:36","modified_gmt":"2020-10-09T19:04:36","slug":"seville-soelv-forgyldt-armbaand-med-ferskvands-perler-og-zirkonia","status":"publish","type":"product","link":"http:\/\/jewelz.dk\/?product=seville-soelv-forgyldt-armbaand-med-ferskvands-perler-og-zirkonia","title":{"rendered":"Seville s\u00f8lv forgyldt armb\u00e5nd med ferskvands perler og zirkonia"},"content":{"rendered":"<div class=\"product-name\">\n<h1>Seville s\u00f8lv forgyldt armb\u00e5nd med ferskvands perler og zirkonia<\/h1>\n<h4>L\u00e6ngde 18 cm + 3 cm forl\u00e6ngerstykke<\/h4>\n<\/div>\n","protected":false},"excerpt":{"rendered":"<p>Seville s\u00f8lv forgyldt armb\u00e5nd med ferskvands perler og zirkonia L\u00e6ngde 18 cm + 3 cm forl\u00e6ngerstykke<\/p>\n","protected":false},"featured_media":933,"comment_status":"open","ping_status":"closed","template":"","meta":[],"_links":{"self":[{"href":"http:\/\/jewelz.dk\/index.php?rest_route=\/wp\/v2\/product\/2533"}],"collection":[{"href":"http:\/\/jewelz.dk\/index.php?rest_route=\/wp\/v2\/product"}],"about":[{"href":"http:\/\/jewelz.dk\/index.php?rest_route=\/wp\/v2\/types\/product"}],"replies":[{"embeddable":true,"href":"http:\/\/jewelz.dk\/index.php?rest_route=%2Fwp%2Fv2%2Fcomments&post=2533"}],"wp:featuredmedia":[{"embeddable":true,"href":"http:\/\/jewelz.dk\/index.php?rest_route=\/wp\/v2\/media\/933"}],"wp:attachment":[{"href":"http:\/\/jewelz.dk\/index.php?rest_route=%2Fwp%2Fv2%2Fmedia&parent=2533"}],"curies":[{"name":"wp","href":"https:\/\/api.w.org\/{rel}","templated":true}]}}