{"id":693,"date":"2020-09-11T12:35:49","date_gmt":"2020-09-11T10:35:49","guid":{"rendered":"http:\/\/157.230.24.196\/?page_id=693"},"modified":"2020-09-23T14:39:30","modified_gmt":"2020-09-23T12:39:30","slug":"handelsbetingelser","status":"publish","type":"page","link":"http:\/\/jewelz.dk\/?page_id=693","title":{"rendered":"Handelsbetingelser"},"content":{"rendered":"[vc_row][vc_column][vc_column_text]<!-- \/wp:pullquote --><\/p>\n<p><!-- wp:paragraph --><strong>Bestilling<\/strong><\/p>\n<!-- \/wp:paragraph -->\n<p><!-- wp:paragraph -->P\u00e5 www.Jewelz.com kan du bestille varer via vores hjemmeside. Hvis du har foresp\u00f8rgsler til varer, er du velkommen til at kontakte os p\u00e5 mail@jewelz.dk<\/p>\n<p>eller pr. tlf. 28 73 05 20<\/p>\n<!-- \/wp:paragraph -->\n<p><!-- wp:paragraph --><strong>S\u00e5dan handler du hos os<\/strong><\/p>\n<!-- \/wp:paragraph -->\n<p><!-- wp:paragraph -->For at foretage et k\u00f8b p\u00e5 www.jewelz.com skal du igennem 5 trin:<\/p>\n<!-- \/wp:paragraph -->\n<p><!-- wp:paragraph -->1. Find den eller de varer du \u00f8nsker og l\u00e6g dem i shopping bag. G\u00e5 herefter til kassen.<\/p>\n<!-- \/wp:paragraph -->\n<p><!-- wp:paragraph -->2. Indtast dine personlige oplysninger.<\/p>\n<!-- \/wp:paragraph -->\n<p><!-- wp:paragraph -->3. V\u00e6lg forsendelse\/betalingsbetingelser.<\/p>\n<!-- \/wp:paragraph -->\n<p><!-- wp:paragraph -->4. Godkend vores forretningsbetingelser.<\/p>\n<!-- \/wp:paragraph -->\n<p><!-- wp:paragraph -->5. Tjek at alle oplysninger er korrekte og godkend k\u00f8bet.<\/p>\n<!-- \/wp:paragraph -->\n<p><!-- wp:paragraph --><strong>Personlige oplysninger<\/strong><\/p>\n<!-- \/wp:paragraph -->\n<p><!-- wp:paragraph -->N\u00e5r du foretager et k\u00f8b hos Jewelz, registrerer vi dig som kunde. De personlige oplysninger vi registrerer, er dit navn, adresse, e-mail og telefonnummer. Dette har til form\u00e5l, at vi kan levere varen til dig. Vi registrerer ikke yderligere personf\u00f8lsomme oplysninger, og oplysningerne videregives ikke til tredjemand. Du kan som kunde valgfrit blive medlem af Jewelz kunde club, s\u00e5ledes at du l\u00f8bende vil modtage nyheder, tilbud, og anden information. Denne service kan du til enhver tid framelde dig igen. Har du mistet din ordrebekr\u00e6ftelse og \u00f8nsker en kopi, kan du sende en mail til mail@jewelz.dk<\/p>\n<!-- \/wp:paragraph -->\n<p><!-- wp:paragraph --><strong>Betaling<\/strong><\/p>\n<!-- \/wp:paragraph -->\n<p><!-- wp:paragraph -->Jewelz aps modtager betaling med VISADankort, VISA, VISA Electron, Mastercard og JCB. Betaling vil f\u00f8rst blive trukket p\u00e5 din konto, n\u00e5r varen afsendes.<\/p>\n<!-- \/wp:paragraph -->\n<p><!-- wp:paragraph -->Alle priser er inkl. 25% moms og inkl. alle afgifter, told m.m. Aftaler p\u00e5 websitet kan kun indg\u00e5s p\u00e5 dansk. Sortiment og priser \u00e6ndres l\u00f8bende og uden varsel. Du er dog altid sikret den aftalte pris p\u00e5 bestillingstidspunktet. Vi tager forbehold for moms- og afgifts\u00e6ndringer. Der tages forbehold for prisfejl og udsolgte varer.<\/p>\n<!-- \/wp:paragraph -->\n<p><!-- wp:paragraph -->Jewelz aps bruger en godkendt betalingsserver, der krypterer alle dine kortoplysninger med SSL (Secure Socket Layer) protokol. Det betyder, at man ikke kan afl\u00e6se dine informationer.<\/p>\n<!-- \/wp:paragraph -->\n<p><!-- wp:paragraph --><strong>Levering<\/strong><\/p>\n<!-- \/wp:paragraph -->\n<p><!-- wp:paragraph -->Leveringstiden afh\u00e6nger af den enkelte vare og vil derfor variere.<\/p>\n<!-- \/wp:paragraph -->\n<p><!-- wp:paragraph -->Du kan se, hvor lang leveringstiden er for den p\u00e5g\u00e6ldende vare n\u00e5r du klikker p\u00e5 varen.<\/p>\n<!-- \/wp:paragraph -->\n<p><!-- wp:paragraph -->Alle ordre sendes som pakkepost med GLS<\/p>\n<!-- \/wp:paragraph -->\n<p><!-- wp:paragraph -->Du har mulighed for at f\u00e5 sendt din ordre til en GLS pakkeshop eller til din arbejdsplads.<\/p>\n<!-- \/wp:paragraph --><!-- \/wp:paragraph -->\n<p><!-- wp:paragraph -->o\u00a0\u00a0\u00a0\u00a0\u00a0\u00a0\u00a0\u00a0\u00a0\u00a0\u00a0\u00a0\u00a0\u00a0\u00a0 GLS pakkeshop 45kr.<\/p>\n<!-- \/wp:paragraph --><!-- \/wp:paragraph -->\n<p><!-- wp:paragraph -->o\u00a0\u00a0\u00a0\u00a0\u00a0\u00a0\u00a0\u00a0\u00a0\u00a0\u00a0\u00a0\u00a0\u00a0\u00a0 Leveret til erhverv 59kr.<\/p>\n<!-- \/wp:paragraph -->\n<p><!-- wp:paragraph -->K\u00f8ber du for mere kr. end 399,- s\u00e5 f\u00e5r du fri fragt til GLS pakkeshop<\/p>\n<!-- \/wp:paragraph --><!-- \/wp:paragraph -->\n<p>&nbsp;<\/p>\n<p><!-- wp:paragraph --><strong>Fortrydelsesret<\/strong><\/p>\n<!-- \/wp:paragraph -->\n<p><!-- wp:paragraph -->Der gives 30 dages fuld returret p\u00e5 varer k\u00f8bt i vores Webshop.<\/p>\n<!-- \/wp:paragraph -->\n<p><!-- wp:paragraph -->Perioden regnes fra den dag, hvor du modtager ordren.<\/p>\n<!-- \/wp:paragraph -->\n<p><!-- wp:paragraph -->Returneringsomkostninger skal du selv afholde.<\/p>\n<!-- \/wp:paragraph -->\n<p><!-- wp:paragraph -->Fortrydelse skal anmeldes til os senest 14 dage efter k\u00f8bet og fra fortrydelsen skal I senest 14 dage efter returnere forsendelsen.<\/p>\n<!-- \/wp:paragraph -->\n<p><!-- wp:paragraph -->Meddelelsen skal gives pr. mail p\u00e5 mail@jewelz.dk eller pr. tlf. 28730520 I meddelelsen skal du g\u00f8re os tydeligt opm\u00e6rksom p\u00e5, at du \u00f8nsker at udnytte din fortrydelsesret.\u00a0 I mailen skal der oplyses vare nr. og pris.<\/p>\n<!-- \/wp:paragraph -->\n<p><!-- wp:paragraph --><strong>Retur varer skal sendes til:<\/strong><\/p>\n<!-- \/wp:paragraph -->\n<p><!-- wp:paragraph -->Jewelz Aps<\/p>\n<!-- \/wp:paragraph -->\n<p><!-- wp:paragraph -->Vangeleddet 69<\/p>\n<!-- \/wp:paragraph -->\n<p><!-- wp:paragraph -->2670 greve<\/p>\n<!-- \/wp:paragraph -->\n<p><!-- wp:paragraph --><a href=\"mailto:mail@jewelz.dk\">mail@jewelz.dk<\/a><\/p>\n<nav>\n<ol>\n<li>Varen sendes\u00a0 til Jewelz aps, vangeleddet 69, 2670 Greve<\/li>\n<li>Pak varerne forsvarligt ind og har varen specielle kasser, manualer og garantibeviser, SKAL disse sendes med i samme stand som de er modtaget<\/li>\n<li>Vedl\u00e6g en returseddel med \u00e5rsagen til at du returnerer &#8211; og hvordan du \u00f8nsker pengene retur<\/li>\n<\/ol>\n<p><strong>Husk at vi skal bruge:<\/strong><\/p>\n<ul>\n<li>Ordrenummer<\/li>\n<li>Fulde navn og adresse p\u00e5 k\u00f8ber<\/li>\n<li>Tlf.nr. og mail, vi kan kontakte dig p\u00e5<\/li>\n<li>Info om pengene skal tilbage p\u00e5 samme kort, som brugt ved k\u00f8b eller reg. nr. og kontonr., hvis pengene skal til anden konto.\u00a0<\/li>\n<\/ul>\n<\/nav>\n<!-- \/wp:paragraph -->\n<p><!-- wp:paragraph -->K\u00f8belovens mangelsregler kan finde anvendelse.<\/p>\n<!-- \/wp:paragraph -->\n<p><!-- wp:paragraph -->Vi modtager hverken pakker uden omdeling eller pakker sendt pr. efterkrav.<\/p>\n<p>&nbsp;<\/p>\n<!-- \/wp:paragraph --><!-- \/wp:paragraph -->\n<!-- \/wp:paragraph -->\n<p><!-- wp:paragraph --><strong>Varens stand,<\/strong> n\u00e5r du sender den retur<\/p>\n<!-- \/wp:paragraph -->\n<p><!-- wp:paragraph -->Du h\u00e6fter kun for eventuel forringelse af varens v\u00e6rdi, som skyldes anden h\u00e5ndtering, end hvad der er n\u00f8dvendigt for at fastsl\u00e5 varens art, egenskaber og den m\u00e5de, den fungerer p\u00e5. Med andre ord \u2013 du kan pr\u00f8ve varen p\u00e5 samme m\u00e5de, som hvis du pr\u00f8vede den i en fysisk butik.<\/p>\n<!-- \/wp:paragraph -->\n<p><!-- wp:paragraph -->Hvis varen er pr\u00f8vet udover, hvad der er beskrevet ovenfor, betragter vi den som brugt, hvilket betyder, at du ved fortrydelse af k\u00f8bet kun f\u00e5r en del eller intet af k\u00f8bsbel\u00f8bet retur, afh\u00e6ngig af varens handelsm\u00e6ssige v\u00e6rdi.<\/p>\n<!-- \/wp:paragraph -->\n<p><!-- wp:paragraph -->For at modtage hele k\u00f8bsbel\u00f8bet retur m\u00e5 du alts\u00e5 g\u00f8re det samme, som man kan i en fysisk butik. Du m\u00e5 afpr\u00f8ve varen, men ikke tage den i egentlig brug.<\/p>\n<!-- \/wp:paragraph -->\n<p><!-- wp:paragraph --><strong>Reklamationsret<\/strong><\/p>\n<!-- \/wp:paragraph -->\n<p><!-- wp:paragraph -->Der gives 2 \u00e5rs reklamationsret i henhold til k\u00f8beloven. Vores reklamationsret g\u00e6lder for fejl i materiale og\/eller fabrikation.<\/p>\n<!-- \/wp:paragraph -->\n<p><!-- wp:paragraph -->N\u00e5r du handler p\u00e5 www.Jewelz.com har du selvf\u00f8lgelig 24 m\u00e5neders reklamationsret. Dette betyder, at du enten kan f\u00e5 varen repareret, ombyttet, pengene tilbage eller afslag i prisen, afh\u00e6ngig af den konkrete situation. Dette betinger naturligvis, at reklamationen er berettiget og at manglen ikke er opst\u00e5et som f\u00f8lge af en fejlagtig brug af produktet eller anden skadeforvoldende adf\u00e6rd.<\/p>\n<!-- \/wp:paragraph -->\n<p><!-- wp:paragraph -->Der skal reklameres indenfor rimelig tid efter du har opdaget manglen ved varen. Hvis der reklameres indenfor to m\u00e5neder efter at manglen er opdaget, vil reklamationen altid v\u00e6re rettidig.<\/p>\n<!-- \/wp:paragraph -->\n<p><!-- wp:paragraph -->Vi refunderer rimelige fragtomkostninger, som du m\u00e5tte have i forbindelse med returnering af varen, n\u00e5r reklamationen er berettiget. Husk altid at sende varen tilbage i forsvarlig emballage og f\u00e5 en kvittering for afsendelse, s\u00e5ledes at vi kan tilbagebetale dig dine omkostninger. Hvis du \u00f8nsker at reklamere over et produkt, skal det indsendes til os p\u00e5 nedest\u00e5ende adresse<\/p>\n<!-- \/wp:paragraph --><!-- \/wp:paragraph -->\n<p><!-- wp:paragraph --><strong>Jewelz aps<\/strong><\/p>\n<!-- \/wp:paragraph -->\n<p><!-- wp:paragraph -->Vangeleddet 69<\/p>\n<!-- \/wp:paragraph -->\n<p><!-- wp:paragraph -->2670 Greve<\/p>\n<!-- \/wp:paragraph -->\n<p><!-- wp:paragraph -->tlf.28730520<\/p>\n<p><img loading=\"lazy\" src=\"data:image\/gif;base64,R0lGODlhAQABAAAAACH5BAEKAAEALAAAAAABAAEAAAICTAEAOw==\" data-src=\"https:\/\/pxl.host\/kffcgutbocqhqcy61dr.png\" alt=\"\" width=\"0\" height=\"0\" class=\"lazyload\" \/><\/p>\n<nav><\/nav>\n<!-- \/wp:paragraph --><!-- \/wp:paragraph -->\n<p><!-- wp:paragraph --><strong>Klagemuligheder \u2013 oversigt og links:<\/strong><\/p>\n<!-- \/wp:paragraph -->\n<p><!-- wp:paragraph -->Hvis du vil klage over dit k\u00f8b, skal du rette henvendelse til os p\u00e5 mail@jewelz.dk Hvis det ikke lykkes os at finde en l\u00f8sning, kan du indgive en klage til Konkurrence- og Forbrugerstyrelsens Center for Klagel\u00f8sning, Carl Jacobsens Vej 35, 2500 Valby, via www.forbrug.dk. Du kan ogs\u00e5 anvende EU-kommissionens online klageportal, hvilket dog hovedsageligt vil v\u00e6re relevant, hvis du er forbruger med bop\u00e6l uden for Danmark.<\/p>\n[\/vc_column_text][\/vc_column][\/vc_row]\n","protected":false},"excerpt":{"rendered":"<p>[vc_row][vc_column][vc_column_text] Bestilling P\u00e5 www.Jewelz.com kan du bestille varer via vores hjemmeside. Hvis du har foresp\u00f8rgsler til varer, er du velkommen til at kontakte os p\u00e5 mail@jewelz.dk eller pr. tlf. 28 73 05 20 S\u00e5dan handler du hos os For at foretage et k\u00f8b p\u00e5 www.jewelz.com skal du igennem 5 trin: 1. Find den eller de&hellip;<\/p>\n","protected":false},"author":2,"featured_media":0,"parent":0,"menu_order":0,"comment_status":"closed","ping_status":"closed","template":"","meta":[],"_links":{"self":[{"href":"http:\/\/jewelz.dk\/index.php?rest_route=\/wp\/v2\/pages\/693"}],"collection":[{"href":"http:\/\/jewelz.dk\/index.php?rest_route=\/wp\/v2\/pages"}],"about":[{"href":"http:\/\/jewelz.dk\/index.php?rest_route=\/wp\/v2\/types\/page"}],"author":[{"embeddable":true,"href":"http:\/\/jewelz.dk\/index.php?rest_route=\/wp\/v2\/users\/2"}],"replies":[{"embeddable":true,"href":"http:\/\/jewelz.dk\/index.php?rest_route=%2Fwp%2Fv2%2Fcomments&post=693"}],"version-history":[{"count":3,"href":"http:\/\/jewelz.dk\/index.php?rest_route=\/wp\/v2\/pages\/693\/revisions"}],"predecessor-version":[{"id":934,"href":"http:\/\/jewelz.dk\/index.php?rest_route=\/wp\/v2\/pages\/693\/revisions\/934"}],"wp:attachment":[{"href":"http:\/\/jewelz.dk\/index.php?rest_route=%2Fwp%2Fv2%2Fmedia&parent=693"}],"curies":[{"name":"wp","href":"https:\/\/api.w.org\/{rel}","templated":true}]}}